{"id":5318,"date":"2022-08-31T21:40:56","date_gmt":"2022-08-31T19:40:56","guid":{"rendered":"https:\/\/upmservice.eu\/?page_id=5318"},"modified":"2022-09-13T08:50:32","modified_gmt":"2022-09-13T06:50:32","slug":"park-maszyn","status":"publish","type":"page","link":"https:\/\/upmservice.eu\/?page_id=5318&lang=pl","title":{"rendered":"Park maszyn"},"content":{"rendered":"\t\t<div data-elementor-type=\"wp-page\" data-elementor-id=\"5318\" class=\"elementor elementor-5318\" data-elementor-post-type=\"page\">\n\t\t\t\t\t\t\t\t\t<section class=\"elementor-section elementor-top-section elementor-element elementor-element-3f57e25 elementor-section-boxed elementor-section-height-default elementor-section-height-default\" data-id=\"3f57e25\" data-element_type=\"section\">\n\t\t\t\t\t\t<div class=\"elementor-container elementor-column-gap-default\">\n\t\t\t\t\t<div class=\"elementor-column elementor-col-100 elementor-top-column elementor-element elementor-element-1deab7a\" data-id=\"1deab7a\" data-element_type=\"column\">\n\t\t\t<div class=\"elementor-widget-wrap elementor-element-populated\">\n\t\t\t\t\t\t\t\t<div class=\"elementor-element elementor-element-e1303bd elementor-widget elementor-widget-heading\" data-id=\"e1303bd\" data-element_type=\"widget\" data-widget_type=\"heading.default\">\n\t\t\t\t<div class=\"elementor-widget-container\">\n\t\t\t<h3 class=\"elementor-heading-title elementor-size-default\">Zestaw maszyn UPM SERVICE<\/h3>\t\t<\/div>\n\t\t\t\t<\/div>\n\t\t\t\t\t<\/div>\n\t\t<\/div>\n\t\t\t\t\t\t\t<\/div>\n\t\t<\/section>\n\t\t\t\t<section class=\"elementor-section elementor-top-section elementor-element elementor-element-ff29a2d elementor-section-boxed elementor-section-height-default elementor-section-height-default\" data-id=\"ff29a2d\" data-element_type=\"section\">\n\t\t\t\t\t\t<div class=\"elementor-container elementor-column-gap-default\">\n\t\t\t\t\t<div class=\"elementor-column elementor-col-33 elementor-top-column elementor-element elementor-element-870f5d3\" data-id=\"870f5d3\" data-element_type=\"column\" data-settings=\"{&quot;background_background&quot;:&quot;classic&quot;}\">\n\t\t\t<div class=\"elementor-widget-wrap elementor-element-populated\">\n\t\t\t\t\t\t\t\t<div class=\"elementor-element elementor-element-1c64ffc elementor-widget elementor-widget-text-editor\" data-id=\"1c64ffc\" data-element_type=\"widget\" data-widget_type=\"text-editor.default\">\n\t\t\t\t<div class=\"elementor-widget-container\">\n\t\t\t\t\t\t\t<h4 style=\"text-align: center;\">Przecinarka plazmowa<br \/>zakres roboczy<\/h4><h3 style=\"text-align: center;\"><strong>2000 mm x 6000 mm<\/strong><\/h3>\t\t\t\t\t\t<\/div>\n\t\t\t\t<\/div>\n\t\t\t\t\t<\/div>\n\t\t<\/div>\n\t\t\t\t<div class=\"elementor-column elementor-col-33 elementor-top-column elementor-element elementor-element-3773210\" data-id=\"3773210\" data-element_type=\"column\" data-settings=\"{&quot;background_background&quot;:&quot;classic&quot;}\">\n\t\t\t<div class=\"elementor-widget-wrap elementor-element-populated\">\n\t\t\t\t\t\t\t\t<div class=\"elementor-element elementor-element-392f8e2 elementor-widget elementor-widget-text-editor\" data-id=\"392f8e2\" data-element_type=\"widget\" data-widget_type=\"text-editor.default\">\n\t\t\t\t<div class=\"elementor-widget-container\">\n\t\t\t\t\t\t\t<h4 style=\"text-align: center;\">Przecinarka tlenowa <br \/>zakres roboczy<\/h4><h3 style=\"text-align: center;\"><strong>2000 mm x 6000 mm<\/strong><\/h3>\t\t\t\t\t\t<\/div>\n\t\t\t\t<\/div>\n\t\t\t\t\t<\/div>\n\t\t<\/div>\n\t\t\t\t<div class=\"elementor-column elementor-col-33 elementor-top-column elementor-element elementor-element-cbcb543\" data-id=\"cbcb543\" data-element_type=\"column\" data-settings=\"{&quot;background_background&quot;:&quot;classic&quot;}\">\n\t\t\t<div class=\"elementor-widget-wrap elementor-element-populated\">\n\t\t\t\t\t\t\t\t<div class=\"elementor-element elementor-element-7363e41 elementor-widget elementor-widget-text-editor\" data-id=\"7363e41\" data-element_type=\"widget\" data-widget_type=\"text-editor.default\">\n\t\t\t\t<div class=\"elementor-widget-container\">\n\t\t\t\t\t\t\t<h4 style=\"text-align: center;\">Waterjet <br \/>zakres roboczy<\/h4><h3 style=\"text-align: center;\"><strong>2000 mm x 6000 mm<\/strong><\/h3>\t\t\t\t\t\t<\/div>\n\t\t\t\t<\/div>\n\t\t\t\t\t<\/div>\n\t\t<\/div>\n\t\t\t\t\t\t\t<\/div>\n\t\t<\/section>\n\t\t\t\t<section class=\"elementor-section elementor-top-section elementor-element elementor-element-399b0b0 elementor-section-boxed elementor-section-height-default elementor-section-height-default\" data-id=\"399b0b0\" data-element_type=\"section\">\n\t\t\t\t\t\t<div class=\"elementor-container elementor-column-gap-default\">\n\t\t\t\t\t<div class=\"elementor-column elementor-col-33 elementor-top-column elementor-element elementor-element-09cd13f\" data-id=\"09cd13f\" data-element_type=\"column\">\n\t\t\t<div class=\"elementor-widget-wrap elementor-element-populated\">\n\t\t\t\t\t\t\t\t<div class=\"elementor-element elementor-element-5ef624b elementor-widget elementor-widget-image\" data-id=\"5ef624b\" data-element_type=\"widget\" data-widget_type=\"image.default\">\n\t\t\t\t<div class=\"elementor-widget-container\">\n\t\t\t\t\t\t\t\t\t\t\t\t\t\t\t<img fetchpriority=\"high\" decoding=\"async\" width=\"1024\" height=\"576\" src=\"https:\/\/upmservice.eu\/wp-content\/uploads\/2022\/08\/upm-service-park-maszynowy-09-1024x576.jpg\" class=\"attachment-large size-large wp-image-5336\" alt=\"UPM Service park maszynowy\" srcset=\"https:\/\/upmservice.eu\/wp-content\/uploads\/2022\/08\/upm-service-park-maszynowy-09-1024x576.jpg 1024w, https:\/\/upmservice.eu\/wp-content\/uploads\/2022\/08\/upm-service-park-maszynowy-09-300x169.jpg 300w, https:\/\/upmservice.eu\/wp-content\/uploads\/2022\/08\/upm-service-park-maszynowy-09-768x432.jpg 768w, https:\/\/upmservice.eu\/wp-content\/uploads\/2022\/08\/upm-service-park-maszynowy-09-1536x864.jpg 1536w, https:\/\/upmservice.eu\/wp-content\/uploads\/2022\/08\/upm-service-park-maszynowy-09-2048x1152.jpg 2048w\" sizes=\"(max-width: 1024px) 100vw, 1024px\" \/>\t\t\t\t\t\t\t\t\t\t\t\t\t\t\t<\/div>\n\t\t\t\t<\/div>\n\t\t\t\t\t<\/div>\n\t\t<\/div>\n\t\t\t\t<div class=\"elementor-column elementor-col-33 elementor-top-column elementor-element elementor-element-5f44d9c\" data-id=\"5f44d9c\" data-element_type=\"column\">\n\t\t\t<div class=\"elementor-widget-wrap elementor-element-populated\">\n\t\t\t\t\t\t\t\t<div class=\"elementor-element elementor-element-d84f9b0 elementor-widget elementor-widget-image\" data-id=\"d84f9b0\" data-element_type=\"widget\" data-widget_type=\"image.default\">\n\t\t\t\t<div class=\"elementor-widget-container\">\n\t\t\t\t\t\t\t\t\t\t\t\t\t\t\t<img decoding=\"async\" width=\"1024\" height=\"576\" src=\"https:\/\/upmservice.eu\/wp-content\/uploads\/2022\/08\/upm-service-park-maszynowy-07-1024x576.jpg\" class=\"attachment-large size-large wp-image-5332\" alt=\"UPM Service park maszynowy\" srcset=\"https:\/\/upmservice.eu\/wp-content\/uploads\/2022\/08\/upm-service-park-maszynowy-07-1024x576.jpg 1024w, https:\/\/upmservice.eu\/wp-content\/uploads\/2022\/08\/upm-service-park-maszynowy-07-300x169.jpg 300w, https:\/\/upmservice.eu\/wp-content\/uploads\/2022\/08\/upm-service-park-maszynowy-07-768x432.jpg 768w, https:\/\/upmservice.eu\/wp-content\/uploads\/2022\/08\/upm-service-park-maszynowy-07-1536x864.jpg 1536w, https:\/\/upmservice.eu\/wp-content\/uploads\/2022\/08\/upm-service-park-maszynowy-07-2048x1152.jpg 2048w\" sizes=\"(max-width: 1024px) 100vw, 1024px\" \/>\t\t\t\t\t\t\t\t\t\t\t\t\t\t\t<\/div>\n\t\t\t\t<\/div>\n\t\t\t\t\t<\/div>\n\t\t<\/div>\n\t\t\t\t<div class=\"elementor-column elementor-col-33 elementor-top-column elementor-element elementor-element-5daebec\" data-id=\"5daebec\" data-element_type=\"column\">\n\t\t\t<div class=\"elementor-widget-wrap elementor-element-populated\">\n\t\t\t\t\t\t\t\t<div class=\"elementor-element elementor-element-49752f3 elementor-widget elementor-widget-image\" data-id=\"49752f3\" data-element_type=\"widget\" data-widget_type=\"image.default\">\n\t\t\t\t<div class=\"elementor-widget-container\">\n\t\t\t\t\t\t\t\t\t\t\t\t\t\t\t<img decoding=\"async\" width=\"1024\" height=\"576\" src=\"https:\/\/upmservice.eu\/wp-content\/uploads\/2022\/08\/upm-service-park-maszynowy-08-1024x576.jpg\" class=\"attachment-large size-large wp-image-5334\" alt=\"UPM Service park maszynowy\" srcset=\"https:\/\/upmservice.eu\/wp-content\/uploads\/2022\/08\/upm-service-park-maszynowy-08-1024x576.jpg 1024w, https:\/\/upmservice.eu\/wp-content\/uploads\/2022\/08\/upm-service-park-maszynowy-08-300x169.jpg 300w, https:\/\/upmservice.eu\/wp-content\/uploads\/2022\/08\/upm-service-park-maszynowy-08-768x432.jpg 768w, https:\/\/upmservice.eu\/wp-content\/uploads\/2022\/08\/upm-service-park-maszynowy-08-1536x864.jpg 1536w, https:\/\/upmservice.eu\/wp-content\/uploads\/2022\/08\/upm-service-park-maszynowy-08-2048x1152.jpg 2048w\" sizes=\"(max-width: 1024px) 100vw, 1024px\" \/>\t\t\t\t\t\t\t\t\t\t\t\t\t\t\t<\/div>\n\t\t\t\t<\/div>\n\t\t\t\t\t<\/div>\n\t\t<\/div>\n\t\t\t\t\t\t\t<\/div>\n\t\t<\/section>\n\t\t\t\t<section class=\"elementor-section elementor-top-section elementor-element elementor-element-39c8132 elementor-section-content-middle elementor-section-boxed elementor-section-height-default elementor-section-height-default\" data-id=\"39c8132\" data-element_type=\"section\">\n\t\t\t\t\t\t<div class=\"elementor-container elementor-column-gap-default\">\n\t\t\t\t\t<div class=\"elementor-column elementor-col-33 elementor-top-column elementor-element elementor-element-fb033c4\" data-id=\"fb033c4\" data-element_type=\"column\" data-settings=\"{&quot;background_background&quot;:&quot;classic&quot;}\">\n\t\t\t<div class=\"elementor-widget-wrap elementor-element-populated\">\n\t\t\t\t\t\t\t\t<div class=\"elementor-element elementor-element-ec1f805 elementor-widget elementor-widget-text-editor\" data-id=\"ec1f805\" data-element_type=\"widget\" data-widget_type=\"text-editor.default\">\n\t\t\t\t<div class=\"elementor-widget-container\">\n\t\t\t\t\t\t\t<h4 style=\"text-align: center;\">Wycinarka laserowa 12 kW <br \/>o stole roboczym\u00a0<\/h4><h3 style=\"text-align: center;\"><strong>3000 mm x 20000 mm<\/strong><\/h3>\t\t\t\t\t\t<\/div>\n\t\t\t\t<\/div>\n\t\t\t\t\t<\/div>\n\t\t<\/div>\n\t\t\t\t<div class=\"elementor-column elementor-col-33 elementor-top-column elementor-element elementor-element-b2f35b4\" data-id=\"b2f35b4\" data-element_type=\"column\" data-settings=\"{&quot;background_background&quot;:&quot;classic&quot;}\">\n\t\t\t<div class=\"elementor-widget-wrap elementor-element-populated\">\n\t\t\t\t\t\t\t\t<div class=\"elementor-element elementor-element-1936ee8 elementor-widget elementor-widget-text-editor\" data-id=\"1936ee8\" data-element_type=\"widget\" data-widget_type=\"text-editor.default\">\n\t\t\t\t<div class=\"elementor-widget-container\">\n\t\t\t\t\t\t\t<h4 style=\"text-align: center;\">Przecinarka tlenowa <br \/>o stole roboczym<\/h4><h3 style=\"text-align: center;\"><strong>2000 mm x 6000 mm<\/strong><\/h3>\t\t\t\t\t\t<\/div>\n\t\t\t\t<\/div>\n\t\t\t\t\t<\/div>\n\t\t<\/div>\n\t\t\t\t<div class=\"elementor-column elementor-col-33 elementor-top-column elementor-element elementor-element-5826c3e\" data-id=\"5826c3e\" data-element_type=\"column\" data-settings=\"{&quot;background_background&quot;:&quot;classic&quot;}\">\n\t\t\t<div class=\"elementor-widget-wrap elementor-element-populated\">\n\t\t\t\t\t\t\t\t<div class=\"elementor-element elementor-element-c9ff911 elementor-widget elementor-widget-text-editor\" data-id=\"c9ff911\" data-element_type=\"widget\" data-widget_type=\"text-editor.default\">\n\t\t\t\t<div class=\"elementor-widget-container\">\n\t\t\t\t\t\t\t<h4 style=\"text-align: center;\">Walcarka o mo\u017cliwo\u015bci <br \/>walcowania \u015brednic od<\/h4><h3 style=\"text-align: center;\"><strong>320 mm do 5000 mm<\/strong><\/h3><h4 style=\"text-align: center;\">maksymalna szeroko\u015b\u0107<br \/>walcowanego elementu to<\/h4><h3 style=\"text-align: center;\"><strong>3000 mm<\/strong><\/h3><h4 style=\"text-align: center;\">grubo\u015b\u0107<\/h4><h3 style=\"text-align: center;\"><strong>40 mm<\/strong><\/h3>\t\t\t\t\t\t<\/div>\n\t\t\t\t<\/div>\n\t\t\t\t\t<\/div>\n\t\t<\/div>\n\t\t\t\t\t\t\t<\/div>\n\t\t<\/section>\n\t\t\t\t<section class=\"elementor-section elementor-top-section elementor-element elementor-element-3878849 elementor-section-boxed elementor-section-height-default elementor-section-height-default\" data-id=\"3878849\" data-element_type=\"section\">\n\t\t\t\t\t\t<div class=\"elementor-container elementor-column-gap-default\">\n\t\t\t\t\t<div class=\"elementor-column elementor-col-50 elementor-top-column elementor-element elementor-element-132984c\" data-id=\"132984c\" data-element_type=\"column\">\n\t\t\t<div class=\"elementor-widget-wrap elementor-element-populated\">\n\t\t\t\t\t\t\t\t<div class=\"elementor-element elementor-element-8569055 elementor-widget elementor-widget-image\" data-id=\"8569055\" data-element_type=\"widget\" data-widget_type=\"image.default\">\n\t\t\t\t<div class=\"elementor-widget-container\">\n\t\t\t\t\t\t\t\t\t\t\t\t\t\t\t<img loading=\"lazy\" decoding=\"async\" width=\"1024\" height=\"576\" src=\"https:\/\/upmservice.eu\/wp-content\/uploads\/2022\/08\/upm-service-park-maszynowy-01-1024x576.jpg\" class=\"attachment-large size-large wp-image-5320\" alt=\"UPM Service park maszynowy\" srcset=\"https:\/\/upmservice.eu\/wp-content\/uploads\/2022\/08\/upm-service-park-maszynowy-01-1024x576.jpg 1024w, https:\/\/upmservice.eu\/wp-content\/uploads\/2022\/08\/upm-service-park-maszynowy-01-300x169.jpg 300w, https:\/\/upmservice.eu\/wp-content\/uploads\/2022\/08\/upm-service-park-maszynowy-01-768x432.jpg 768w, https:\/\/upmservice.eu\/wp-content\/uploads\/2022\/08\/upm-service-park-maszynowy-01-1536x864.jpg 1536w, https:\/\/upmservice.eu\/wp-content\/uploads\/2022\/08\/upm-service-park-maszynowy-01-2048x1152.jpg 2048w\" sizes=\"(max-width: 1024px) 100vw, 1024px\" \/>\t\t\t\t\t\t\t\t\t\t\t\t\t\t\t<\/div>\n\t\t\t\t<\/div>\n\t\t\t\t\t<\/div>\n\t\t<\/div>\n\t\t\t\t<div class=\"elementor-column elementor-col-50 elementor-top-column elementor-element elementor-element-b3ee404\" data-id=\"b3ee404\" data-element_type=\"column\">\n\t\t\t<div class=\"elementor-widget-wrap elementor-element-populated\">\n\t\t\t\t\t\t\t\t<div class=\"elementor-element elementor-element-3ed5521 elementor-widget elementor-widget-image\" data-id=\"3ed5521\" data-element_type=\"widget\" data-widget_type=\"image.default\">\n\t\t\t\t<div class=\"elementor-widget-container\">\n\t\t\t\t\t\t\t\t\t\t\t\t\t\t\t<img loading=\"lazy\" decoding=\"async\" width=\"1024\" height=\"576\" src=\"https:\/\/upmservice.eu\/wp-content\/uploads\/2022\/08\/upm-service-park-maszynowy-06-1024x576.jpg\" class=\"attachment-large size-large wp-image-5330\" alt=\"UPM Service park maszynowy\" srcset=\"https:\/\/upmservice.eu\/wp-content\/uploads\/2022\/08\/upm-service-park-maszynowy-06-1024x576.jpg 1024w, https:\/\/upmservice.eu\/wp-content\/uploads\/2022\/08\/upm-service-park-maszynowy-06-300x169.jpg 300w, https:\/\/upmservice.eu\/wp-content\/uploads\/2022\/08\/upm-service-park-maszynowy-06-768x432.jpg 768w, https:\/\/upmservice.eu\/wp-content\/uploads\/2022\/08\/upm-service-park-maszynowy-06-1536x864.jpg 1536w, https:\/\/upmservice.eu\/wp-content\/uploads\/2022\/08\/upm-service-park-maszynowy-06-2048x1152.jpg 2048w\" sizes=\"(max-width: 1024px) 100vw, 1024px\" \/>\t\t\t\t\t\t\t\t\t\t\t\t\t\t\t<\/div>\n\t\t\t\t<\/div>\n\t\t\t\t\t<\/div>\n\t\t<\/div>\n\t\t\t\t\t\t\t<\/div>\n\t\t<\/section>\n\t\t\t\t<section class=\"elementor-section elementor-top-section elementor-element elementor-element-c0e39a7 elementor-section-content-middle elementor-section-boxed elementor-section-height-default elementor-section-height-default\" data-id=\"c0e39a7\" data-element_type=\"section\">\n\t\t\t\t\t\t<div class=\"elementor-container elementor-column-gap-default\">\n\t\t\t\t\t<div class=\"elementor-column elementor-col-33 elementor-top-column elementor-element elementor-element-4f6eb96\" data-id=\"4f6eb96\" data-element_type=\"column\" data-settings=\"{&quot;background_background&quot;:&quot;classic&quot;}\">\n\t\t\t<div class=\"elementor-widget-wrap elementor-element-populated\">\n\t\t\t\t\t\t\t\t<div class=\"elementor-element elementor-element-809c63a elementor-widget elementor-widget-text-editor\" data-id=\"809c63a\" data-element_type=\"widget\" data-widget_type=\"text-editor.default\">\n\t\t\t\t<div class=\"elementor-widget-container\">\n\t\t\t\t\t\t\t<h4 style=\"text-align: center;\">Prasa kraw\u0119dziowa<\/h4><h3 style=\"text-align: center;\"><strong>200t. <\/strong><\/h3><h4 style=\"text-align: center;\">mo\u017cliwo\u015b\u0107 gi\u0119cia elementu <br \/>o d\u0142ugo\u015bci do<\/h4><h3 style=\"text-align: center;\"><strong>3050 mm<\/strong><\/h3>\t\t\t\t\t\t<\/div>\n\t\t\t\t<\/div>\n\t\t\t\t\t<\/div>\n\t\t<\/div>\n\t\t\t\t<div class=\"elementor-column elementor-col-33 elementor-top-column elementor-element elementor-element-03a47f0\" data-id=\"03a47f0\" data-element_type=\"column\" data-settings=\"{&quot;background_background&quot;:&quot;classic&quot;}\">\n\t\t\t<div class=\"elementor-widget-wrap elementor-element-populated\">\n\t\t\t\t\t\t\t\t<div class=\"elementor-element elementor-element-2633294 elementor-widget elementor-widget-text-editor\" data-id=\"2633294\" data-element_type=\"widget\" data-widget_type=\"text-editor.default\">\n\t\t\t\t<div class=\"elementor-widget-container\">\n\t\t\t\t\t\t\t<h4 style=\"text-align: center;\">Automat spawalniczy <strong>ESAB<\/strong> <br \/>do spawania \u0142ukiem krytym <br \/>wraz z s\u0142upowysi\u0119gnikiem<\/h4>\t\t\t\t\t\t<\/div>\n\t\t\t\t<\/div>\n\t\t\t\t\t<\/div>\n\t\t<\/div>\n\t\t\t\t<div class=\"elementor-column elementor-col-33 elementor-top-column elementor-element elementor-element-b905cf3\" data-id=\"b905cf3\" data-element_type=\"column\" data-settings=\"{&quot;background_background&quot;:&quot;classic&quot;}\">\n\t\t\t<div class=\"elementor-widget-wrap elementor-element-populated\">\n\t\t\t\t\t\t\t\t<div class=\"elementor-element elementor-element-ae54de6 elementor-widget elementor-widget-text-editor\" data-id=\"ae54de6\" data-element_type=\"widget\" data-widget_type=\"text-editor.default\">\n\t\t\t\t<div class=\"elementor-widget-container\">\n\t\t\t\t\t\t\t<h4 style=\"text-align: center;\">Komora \u015brutownicza<\/h4><h6 style=\"text-align: center;\">Maksymalne wymiary <br \/>\u015brutowanego elementu<\/h6><h3 style=\"text-align: center;\"><strong>Szeroko\u015b\u0107 &#8211; 6000 mm<\/strong><br \/><strong>wysoko\u015b\u0107 &#8211; 7000 mm<\/strong><br \/><strong>d\u0142ugo\u015b\u0107 20000 mm<\/strong><\/h3>\t\t\t\t\t\t<\/div>\n\t\t\t\t<\/div>\n\t\t\t\t\t<\/div>\n\t\t<\/div>\n\t\t\t\t\t\t\t<\/div>\n\t\t<\/section>\n\t\t\t\t<section class=\"elementor-section elementor-top-section elementor-element elementor-element-c3d5535 elementor-section-boxed elementor-section-height-default elementor-section-height-default\" data-id=\"c3d5535\" data-element_type=\"section\">\n\t\t\t\t\t\t<div class=\"elementor-container elementor-column-gap-default\">\n\t\t\t\t\t<div class=\"elementor-column elementor-col-33 elementor-top-column elementor-element elementor-element-b5d2bc0\" data-id=\"b5d2bc0\" data-element_type=\"column\">\n\t\t\t<div class=\"elementor-widget-wrap elementor-element-populated\">\n\t\t\t\t\t\t\t\t<div class=\"elementor-element elementor-element-4613d26 elementor-widget elementor-widget-image\" data-id=\"4613d26\" data-element_type=\"widget\" data-widget_type=\"image.default\">\n\t\t\t\t<div class=\"elementor-widget-container\">\n\t\t\t\t\t\t\t\t\t\t\t\t\t\t\t<img loading=\"lazy\" decoding=\"async\" width=\"1024\" height=\"576\" src=\"https:\/\/upmservice.eu\/wp-content\/uploads\/2022\/08\/upm-service-park-maszynowy-03-1024x576.jpg\" class=\"attachment-large size-large wp-image-5324\" alt=\"\" srcset=\"https:\/\/upmservice.eu\/wp-content\/uploads\/2022\/08\/upm-service-park-maszynowy-03-1024x576.jpg 1024w, https:\/\/upmservice.eu\/wp-content\/uploads\/2022\/08\/upm-service-park-maszynowy-03-300x169.jpg 300w, https:\/\/upmservice.eu\/wp-content\/uploads\/2022\/08\/upm-service-park-maszynowy-03-768x432.jpg 768w, https:\/\/upmservice.eu\/wp-content\/uploads\/2022\/08\/upm-service-park-maszynowy-03-1536x864.jpg 1536w, https:\/\/upmservice.eu\/wp-content\/uploads\/2022\/08\/upm-service-park-maszynowy-03-2048x1152.jpg 2048w\" sizes=\"(max-width: 1024px) 100vw, 1024px\" \/>\t\t\t\t\t\t\t\t\t\t\t\t\t\t\t<\/div>\n\t\t\t\t<\/div>\n\t\t\t\t\t<\/div>\n\t\t<\/div>\n\t\t\t\t<div class=\"elementor-column elementor-col-33 elementor-top-column elementor-element elementor-element-860d62f\" data-id=\"860d62f\" data-element_type=\"column\">\n\t\t\t<div class=\"elementor-widget-wrap elementor-element-populated\">\n\t\t\t\t\t\t\t\t<div class=\"elementor-element elementor-element-ecfbff8 elementor-widget elementor-widget-image\" data-id=\"ecfbff8\" data-element_type=\"widget\" data-widget_type=\"image.default\">\n\t\t\t\t<div class=\"elementor-widget-container\">\n\t\t\t\t\t\t\t\t\t\t\t\t\t\t\t<img loading=\"lazy\" decoding=\"async\" width=\"1024\" height=\"576\" src=\"https:\/\/upmservice.eu\/wp-content\/uploads\/2022\/08\/upm-service-park-maszynowy-04-1024x576.jpg\" class=\"attachment-large size-large wp-image-5326\" alt=\"\" srcset=\"https:\/\/upmservice.eu\/wp-content\/uploads\/2022\/08\/upm-service-park-maszynowy-04-1024x576.jpg 1024w, https:\/\/upmservice.eu\/wp-content\/uploads\/2022\/08\/upm-service-park-maszynowy-04-300x169.jpg 300w, https:\/\/upmservice.eu\/wp-content\/uploads\/2022\/08\/upm-service-park-maszynowy-04-768x432.jpg 768w, https:\/\/upmservice.eu\/wp-content\/uploads\/2022\/08\/upm-service-park-maszynowy-04-1536x864.jpg 1536w, https:\/\/upmservice.eu\/wp-content\/uploads\/2022\/08\/upm-service-park-maszynowy-04-2048x1152.jpg 2048w\" sizes=\"(max-width: 1024px) 100vw, 1024px\" \/>\t\t\t\t\t\t\t\t\t\t\t\t\t\t\t<\/div>\n\t\t\t\t<\/div>\n\t\t\t\t\t<\/div>\n\t\t<\/div>\n\t\t\t\t<div class=\"elementor-column elementor-col-33 elementor-top-column elementor-element elementor-element-5ff3fe6\" data-id=\"5ff3fe6\" data-element_type=\"column\">\n\t\t\t<div class=\"elementor-widget-wrap elementor-element-populated\">\n\t\t\t\t\t\t\t\t<div class=\"elementor-element elementor-element-51ba5fc elementor-widget elementor-widget-image\" data-id=\"51ba5fc\" data-element_type=\"widget\" data-widget_type=\"image.default\">\n\t\t\t\t<div class=\"elementor-widget-container\">\n\t\t\t\t\t\t\t\t\t\t\t\t\t\t\t<img loading=\"lazy\" decoding=\"async\" width=\"1024\" height=\"576\" src=\"https:\/\/upmservice.eu\/wp-content\/uploads\/2022\/08\/upm-service-park-maszynowy-02-1024x576.jpg\" class=\"attachment-large size-large wp-image-5322\" alt=\"\" srcset=\"https:\/\/upmservice.eu\/wp-content\/uploads\/2022\/08\/upm-service-park-maszynowy-02-1024x576.jpg 1024w, https:\/\/upmservice.eu\/wp-content\/uploads\/2022\/08\/upm-service-park-maszynowy-02-300x169.jpg 300w, https:\/\/upmservice.eu\/wp-content\/uploads\/2022\/08\/upm-service-park-maszynowy-02-768x432.jpg 768w, https:\/\/upmservice.eu\/wp-content\/uploads\/2022\/08\/upm-service-park-maszynowy-02-1536x864.jpg 1536w, https:\/\/upmservice.eu\/wp-content\/uploads\/2022\/08\/upm-service-park-maszynowy-02-2048x1152.jpg 2048w\" sizes=\"(max-width: 1024px) 100vw, 1024px\" \/>\t\t\t\t\t\t\t\t\t\t\t\t\t\t\t<\/div>\n\t\t\t\t<\/div>\n\t\t\t\t\t<\/div>\n\t\t<\/div>\n\t\t\t\t\t\t\t<\/div>\n\t\t<\/section>\n\t\t\t\t\t\t\t<\/div>\n\t\t","protected":false},"excerpt":{"rendered":"<p>Zestaw maszyn UPM SERVICE Przecinarka plazmowazakres roboczy 2000 mm x 6000 mm Przecinarka tlenowa zakres roboczy 2000 mm x 6000 mm Waterjet zakres roboczy 2000 mm x 6000 mm Wycinarka laserowa 12 kW o stole roboczym\u00a0 3000 mm x 20000 mm Przecinarka tlenowa o stole roboczym 2000 mm x 6000 mm Walcarka o mo\u017cliwo\u015bci walcowania&hellip;<\/p>\n","protected":false},"author":1,"featured_media":0,"parent":0,"menu_order":0,"comment_status":"closed","ping_status":"closed","template":"","meta":{"inline_featured_image":false,"footnotes":""},"_links":{"self":[{"href":"https:\/\/upmservice.eu\/index.php?rest_route=\/wp\/v2\/pages\/5318"}],"collection":[{"href":"https:\/\/upmservice.eu\/index.php?rest_route=\/wp\/v2\/pages"}],"about":[{"href":"https:\/\/upmservice.eu\/index.php?rest_route=\/wp\/v2\/types\/page"}],"author":[{"embeddable":true,"href":"https:\/\/upmservice.eu\/index.php?rest_route=\/wp\/v2\/users\/1"}],"replies":[{"embeddable":true,"href":"https:\/\/upmservice.eu\/index.php?rest_route=%2Fwp%2Fv2%2Fcomments&post=5318"}],"version-history":[{"count":22,"href":"https:\/\/upmservice.eu\/index.php?rest_route=\/wp\/v2\/pages\/5318\/revisions"}],"predecessor-version":[{"id":5458,"href":"https:\/\/upmservice.eu\/index.php?rest_route=\/wp\/v2\/pages\/5318\/revisions\/5458"}],"wp:attachment":[{"href":"https:\/\/upmservice.eu\/index.php?rest_route=%2Fwp%2Fv2%2Fmedia&parent=5318"}],"curies":[{"name":"wp","href":"https:\/\/api.w.org\/{rel}","templated":true}]}}